nder when 74890 is divided by 1314?
1306
What is the remainder when 86655 is divided by 4814?
3
What is the remainder when 6936 is divided by 492?
48
What is the remainder when 177988 is divided by 91?
83
What is the remainder when 40223 is divided by 13406?
5
Calculate the remainder when 650317 is divided by 886.
879
What is the remainder when 12347 is divided by 155?
102
Calculate the remainder when 25246 is divided by 125.
121
What is the remainder when 16063 is divided by 21?
19
Calculate the remainder when 262245 is divided by 5142.
3
What is the remainder when 1492 is divided by 351?
88
What is the remainder when 8043 is divided by 853?
366
What is the remainder when 118854 is divided by 223?
218
Calculate the remainder when 192770 is divided by 54.
44
Calculate the remainder when 3402 is divided by 3384.
18
What is the remainder when 295 is divided by 109?
77
Calculate the remainder when 12820 is divided by 3.
1
What is the remainder when 37138 is divided by 455?
283
Calculate the remainder when 2138 is divided by 2103.
35
What is the remainder when 24679 is divided by 374?
369
Calculate the remainder when 38429 is divided by 24.
5
What is the remainder when 2773 is divided by 76?
37
Calculate the remainder when 95375 is divided by 12.
11
What is the remainder when 1484 is divided by 989?
495
Calculate the remainder when 1605600 is divided by 321118.
10
Calculate the remainder when 48259 is divided by 380.
379
Calculate the remainder when 23759 is divided by 36.
35
What is the remainder when 2681 is divided by 83?
25
What is the remainder when 1048835 is divided by 407?
403
What is the remainder when 116118 is divided by 76?
66
What is the remainder when 21224 is divided by 819?
749
What is the remainder when 134 is divided by 42?
8
Calculate the remainder when 285457 is divided by 4604.
9
Calculate the remainder when 42878 is divided by 1070.
78
What is the remainder when 8607 is divided by 3306?
1995
What is the remainder when 1719 is divided by 758?
203
Calculate the remainder when 53686 is divided by 378.
10
Calculate the remainder when 42201 is divided by 813.
738
What is the remainder when 8302 is divided by 939?
790
What is the remainder when 7196 is divided by 1022?
42
Calculate the remainder when 312416 is divided by 52066.
20
What is the remainder when 10374 is divided by 58?
50
What is the remainder when 392 is divided by 7?
0
Calculate the remainder when 18264 is divided by 163.
8
Calculate the remainder when 25324 is divided by 8439.
7
Calculate the remainder when 61713 is divided by 154.
113
Calculate the remainder when 265634 is divided by 13979.
33
What is the remainder when 71313 is divided by 252?
249
Calculate the remainder when 32289 is divided by 2479.
62
Calculate the remainder when 9434 is divided by 34.
16
What is the remainder when 18639 is divided by 81?
9
What is the remainder when 8030 is divided by 68?
6
What is the remainder when 15377 is divided by 3072?
17
What is the remainder when 1682904 is divided by 31?
7
What is the remainder when 510621 is divided by 9?
6
What is the remainder when 160359 is divided by 40077?
51
Calculate the remainder when 139646 is divided by 71.
60
What is the remainder when 106204 is divided by 26516?
140
What is the remainder when 11524 is divided by 427?
422
Calculate the remainder when 5444 is divided by 1350.
44
Calculate the remainder when 3734 is divided by 3699.
35
Calculate the remainder when 97127 is divided by 24263.
75
What is the remainder when 2834 is divided by 551?
79
Calculate the remainder when 3779 is divided by 23.
7
Calculate the remainder when 18548 is divided by 166.
122
Calculate the remainder when 40391 is divided by 19.
16
What is the remainder when 1155 is divided by 289?
288
Calculate the remainder when 360 is divided by 150.
60
What is the remainder when 4581 is divided by 10?
1
What is the remainder when 261110 is divided by 62?
28
Calculate the remainder when 342924 is divided by 43.
42
What is the remainder when 92294 is divided by 664?
662
What is the remainder when 50340 is divided by 50331?
9
Calculate the remainder when 67456 is divided by 6.
4
What is the remainder when 1735 is divided by 134?
127
What is the remainder when 1827 is divided by 557?
156
Calculate the remainder when 28767 is divided by 917.
340
Calculate the remainder when 213998 is divided by 92.
6
Calculate the remainder when 886 is divided by 290.
16
Calculate the remainder when 6827 is divided by 38.
25
Calculate the remainder when 48817 is divided by 77.
76
What is the remainder when 16361 is divided by 348?
5
What is the remainder when 112176 is divided by 56085?
6
Calculate the remainder when 3376 is divided by 178.
172
What is the remainder when 177181 is divided by 231?
4
Calculate the remainder when 11164 is divided by 621.
607
Calculate the remainder when 482418 is divided by 8614.
34
Calculate the remainder when 5384398 is divided by 319.
316
Calculate the remainder when 13484 is divided by 3371.
0
What is the remainder when 116990 is divided by 52?
42
What is the remainder when 22196 is divided by 79?
76
What is the remainder when 17106 is divided by 364?
362
Calculate the remainder when 4316 is divided by 18.
14
Calculate the remainder when 4927 is divided by 4520.
407
What is the remainder when 361696 is divided by 2364?
4
Calculate the remainder when 9996 is divided by 385.
371
Calculate the remainder when 4053 is divided by 38.
25
Calculate the remainder when 67678 is divided by 6152.
6
What is the remainder when 56689 is divided by 49?
45
Calculate the remainder when 2642 is divided by 49.
45
Calculate the remainder when 146247 is divided by 78.
75
What is the remainder when 476171 is divided by 2?
1
What is the remainder when 7700 is divided by 58?
44
What is the remainder when 637 is divided by 347?
290
What is the remainder when 951 is divided by 158?
3
Calculate the remainder when 26444 is divided by 46.
40
What is the remainder when 886528 is divided by 435?
433
Calculate the remainder when 1611723 is divided by 5.
3
What is the remainder when 3542 is divided by 115?
92
What is the remainder when 7726 is divided by 114?
88
What is the remainder when 45934 is divided by 316?
114
Calculate the remainder when 19924 is divided by 1548.
1348
Calculate the remainder when 113572 is divided by 1103.
1066
Calculate the remainder when 2853 is divided by 559.
58
What is the remainder when 8009 is divided by 1765?
949
Calculate the remainder when 5407 is divided by 2662.
83
What is the remainder when 2023 is divided by 653?
64
Calculate the remainder when 16703 is divided by 8329.
45
What is the remainder when 1003 is divided by 469?
65
Calculate the remainder when 1532 is divided by 67.
58
Calculate the remainder when 750 is divided by 659.
91
Calculate the remainder when 1682127 is divided by 47.
44
Calculate the remainder when 286893 is divided by 139.
136
Calculate the remainder when 2919 is divided by 112.
7
What is the remainder when 20825 is divided by 28?
21
What is the remainder when 2714404 is divided by 2488?
2484
What is the remainder when 1575 is divided by 1502?
73
Calculate the remainder when 131104 is divided by 410.
314
Calculate the remainder when 21181 is divided by 7.
6
Calculate the remainder when 2391 is divided by 2116.
275
Calculate the remainder when 20608 is divided by 293.
98
What is the remainder when 49545 is divided by 216?
81
What is the remainder when 51583 is divided by 921?
7
What is the remainder when 140657 is divided by 34?
33
Calculate the remainder when 307167 is divided by 156.
3
What is the remainder when 3417 is divided by 667?
82
Calculate the remainder when 167208 is divided by 10.
8
Calculate the remainder when 1893 is divided by 84.
45
Calculate the remainder when 1739 is divided by 129.
62
What is the remainder when 82337 is divided by 549?
536
What is the remainder when 123365 is divided by 123354?
11
Calculate the remainder when 110654 is divided by 87.
77
Calculate the remainder when 97675 is divided by 528.
523
What is the remainder when 3580 is divided by 892?
12
What is the remainder when 490329 is divided by 51?
15
What is the remainder when 40778 is divided by 13589?
11
Calculate the remainder when 20786 is d